. Let z = 10 + p. List the prime factors of (7 + z/3)*1.
5
Suppose 8*o + 335 + 705 = 0. Let p = -77 - o. What are the prime factors of p?
53
Suppose 3*t - 3 = 4*h, 2 = 4*t - 2. Let d(u) = -u**3 - u + 2. Let c be d(h). Let a = c + 7. What are the prime factors of a?
3
Let x be (-183)/2*(-4)/(-6). Let o = -33 - x. List the prime factors of o.
2, 7
Suppose -3 = -v - 1. Suppose 0 = -v*j - 2*j. Suppose -c = -j*c - 7. List the prime factors of c.
7
Suppose 14*j = 4785 - 837. What are the prime factors of j?
2, 3, 47
Suppose -3*x + 10 = 2*x. Suppose 0 = -3*i + 3*p + 36, x*i + i = -3*p + 60. What are the prime factors of i?
2
Let x(l) = -l**3 - 6*l**2 + 7*l + 7. Let o be x(-7). Suppose -4*j - 4*g = -52, -j + 3*g + 0 - o = 0. What are the prime factors of j?
2
Let x = -425 + 600. What are the prime factors of x?
5, 7
What are the prime factors of 136/6*(-1 + 4)?
2, 17
Suppose 4*k + 2*l = 9 + 7, 3*k - 3*l = 3. Suppose -6 = -t - k*t + 2*o, o + 15 = 5*t. List the prime factors of t.
2
What are the prime factors of (3/(-1))/((-15)/165)?
3, 11
Let x(s) be the second derivative of s**5/30 - s**4/8 - s**3/2 + s. Let i(m) be the second derivative of x(m). What are the prime factors of i(2)?
5
Let g be (-9)/12*(7 + 1). Let w be 1/2*-1*g. Suppose -w*t + 70 = 2*t. List the prime factors of t.
2, 7
Suppose -63 = 3*b - t, -t + 105 = -5*b - 3*t. Let h = 40 + b. List the prime factors of h.
19
Let y = 123 - 40. List the prime factors of y.
83
Let x = 0 + 1. Suppose 12 = 2*y + 6. What are the prime factors of 1/(x/y) - -2?
5
Let y(m) be the second derivative of 7*m**3/6 - 11*m**2/2 + 3*m. What are the prime factors of y(7)?
2, 19
Suppose -8 = -4*j + 5*c, -5*c = -3*j - 0 + 6. Suppose -39 = f - j*f. Let t = f - 22. What are the prime factors of t?
17
What are the prime factors of (3 + -3 + -1)*-133?
7, 19
Suppose -2*c = -5*m + 4, 4*c - 2 - 2 = 4*m. List the prime factors of m.
2
List the prime factors of (10 + -1)*(-12)/(-18).
2, 3
Let i = 458 + -207. List the prime factors of i.
251
Suppose -2*h + 137 = 5*j - 3*h, 4*h = j - 35. Suppose 7*z - 3*z - j = 3*v, -4 = 4*v. What are the prime factors of z?
2, 3
What are the prime factors of (-80)/12 + 6 + 2104/6?
2, 5, 7
Suppose 0 = 5*n - 2*r - 30 - 31, 4*n = 4*r + 44. Suppose -2*q - n = -v - 3*q, -4*v + 2*q + 52 = 0. What are the prime factors of v?
13
Let x(s) = s**3 - 5*s**2 - 5*s - 6. Let g = 11 + -5. Let d be x(g). Suppose -a + 1 + 10 = d. What are the prime factors of a?
11
Let f = 207 - 153. List the prime factors of f.
2, 3
Suppose 3*l - 199 = -3*x + 230, 5*x = 2*l - 293. Suppose 0 = 5*n - n - l. Suppose -n = 5*r - 131. What are the prime factors of r?
19
Let p = -39 + 76. List the prime factors of p.
37
Suppose 2*g - 10 = 2*m, -3*m = 3*g - m - 15. Suppose 0 = n - 1, 4*i + 164 - 435 = g*n. Suppose 4*u - i = -25. What are the prime factors of u?
11
Let j(n) = -3*n**2 - 4*n + 2. Let i be j(3). Let y = i + 79. What are the prime factors of y?
2, 3, 7
Let p(z) = 2*z**3 - 2*z**2 + 4*z - 4. What are the prime factors of p(2)?
2, 3
Let m be ((-1)/(-3) - 1)*-6. Suppose -3*r - 4*p - 58 + 243 = 0, 3*r = 5*p + 140. Suppose -b - m*b + r = 0. List the prime factors of b.
11
Suppose -8 + 2 = m. List the prime factors of 57/m*(-3 - -1).
19
Let t = -2 - -7. Let u = 5 - t. Suppose 4*h + u*h = 76. List the prime factors of h.
19
Let c(j) = 3*j + 2. Let o be c(8). Suppose k + n - o = 0, -8 = 2*k - 4*n - 60. List the prime factors of k.
2, 13
Let g = 381 - 80. List the prime factors of g.
7, 43
Let b(o) = o**3 + 6*o**2 - o - 2. Suppose -m = -0*m + 6. Let i be b(m). List the prime factors of i - (0 + 2 + 0).
2
Let y(h) = 3*h**2 + 21*h + 1. List the prime factors of y(-9).
5, 11
Let p = 21 + 14. Suppose q = 3*v - p, -4*v - 3*q = -8*v + 55. What are the prime factors of v?
2, 5
Let t(i) = 4*i**2 + 2*i + 12. List the prime factors of t(4).
2, 3, 7
Let t(u) = 8*u - 3. Let w be t(2). Let c = 21 - w. What are the prime factors of c?
2
Let o = -44 + 82. List the prime factors of o.
2, 19
Suppose 0 = -13*u + 10*u + 174. Let i = -32 + u. What are the prime factors of i?
2, 13
Let a = -11 + 19. What are the prime factors of a?
2
Suppose -8 = -2*z + 4*l, -3*z - 3*l - 6 = z. Suppose z = 4*c - 2*h - 25 - 13, -c = 4*h - 32. What are the prime factors of c?
2, 3
Let j(d) = d**3 + 7*d**2 + 5*d + 10. Let i be 6/5*(-3 + -2). What are the prime factors of j(i)?
2
Let p be (-6)/10 - 48/20. What are the prime factors of 4/6 - 19/p?
7
Let f = -31 - -16. Let n = 35 + f. Suppose 4*t = k + 49, -12 = -2*t + 2*k + n. What are the prime factors of t?
11
Suppose 14 = 2*n - 0. Suppose -2*f = w + 1, -w = -3*f - n - 7. Suppose 0 = r - w. What are the prime factors of r?
5
Suppose 3*p + 6 = -4*g + 5*p, -2*p + 8 = -5*g. List the prime factors of (g - -1)/((-5)/70).
2, 7
Let b(a) = -a**3 - a**2 - 2*a - 3. Let x be b(-2). Let c(m) = 2*m**3 - 4 + 4*m**3 - x*m**2 + 0*m**3 - 4*m**3 + 5*m. List the prime factors of c(3).
2, 5
Let x(k) = k**3 - 12*k**2 - 8*k + 13. List the prime factors of x(13).
2, 3, 13
What are the prime factors of (20/(-15))/(3/(-9))?
2
Let n(m) = -m**3 - 2*m**2 + 2*m + 3. Suppose -v = 4*l - 10, -v - 5*l + 18 - 5 = 0. Let k be n(v). Let q = k + 4. List the prime factors of q.
3
Suppose 3*a - 8*m + 3*m - 17 = 0, -3*m - 12 = 0. What are the prime factors of 4/(-12)*153/a?
3, 17
Let d(v) = -v**3 + 6*v**2 - 5*v + 2. Let m be d(5). Suppose -m*z = z. Let w = 3 + z. List the prime factors of w.
3
Let a(q) = 3*q**2 + 16*q - 9. List the prime factors of a(-7).
2, 13
Suppose 0 = 11*u - 13*u + 324. List the prime factors of u.
2, 3
Suppose -5*h + 370 = u + 4*u, -372 = -5*h - 4*u. List the prime factors of h.
2, 19
Suppose -5*h + 25 = 0, 4*c + 4*h - 24 = 2*c. Suppose -3*d = -5*p - 106, p = -c*d + 4*d - 66. List the prime factors of d.
2
Let m(s) = -s**3 + 12*s**2 + 2*s + 7. List the prime factors of m(12).
31
List the prime factors of (4 - 3)*110/2.
5, 11
Suppose -5*i - 24 = -z - z, 12 = z + 2*i. What are the prime factors of 18/z*(-4)/(-3)?
2
List the prime factors of 482/(-6)*1*87/(-29).
241
Suppose 3*q + 2*q = 145. Let t = q - 18. List the prime factors of t.
11
List the prime factors of 5*(-1 + (-748)/(-20)).
2, 7, 13
Suppose -3*g + 12 = 0, 0 = 3*a - 8*a - 5*g + 215. What are the prime factors of a?
3, 13
Let f(r) = r**2 + 3*r - 6. Let v be f(-6). List the prime factors of 8/(v/8 + -1).
2
Let t(f) = f**2 + 2*f + 20. Let g(h) = -3*h**2 - 5*h - 39. Let m(y) = 2*g(y) + 5*t(y). What are the prime factors of m(0)?
2, 11
Suppose 2*o - 2 = o. Let j be (1 - o)/((-5)/15). Suppose -5*c + 28 = -j*c. What are the prime factors of c?
2, 7
Let v = 181 - 46. What are the prime factors of v?
3, 5
Suppose -4*q + 3*w + 63 = -724, 0 = 4*q - 2*w - 782. List the prime factors of q.
193
Let f(r) = -5*r + 9. Let g be f(-8). Suppose -b + 11 + 9 = -4*w, 2*b = 5*w + g. List the prime factors of b.
2
Suppose 4*u - 48 = -20. Suppose 5*b = 53 + u. List the prime factors of b.
2, 3
Suppose o + 3*b = -2, 2*o + b - 18 = -3*o. Suppose -o*d + 84 = 16. What are the prime factors of d?
17
Let j = -14 - -45. List the prime factors of j.
31
Let n be -1 - (-2 - (-2 + 4)). Let g be n/(-2*1/(-2)). Suppose 2 = j - g. List the prime factors of j.
5
Suppose 2*f = 6*f. Suppose -2*a + 4*g + 32 + 4 = 0, 4*a + 3*g - 94 = f. Let h = a - 13. What are the prime factors of h?
3
Let v = -8 + 8. Suppose 132 = -n + 3*p - 461, 4*n + 3*p + 2447 = v. What are the prime factors of n/(-44) - 2/(-11)?
2, 7
Suppose 6*g = 5*g, -5*g = 5*y - 195. List the prime factors of y.
3, 13
What are the prime factors of 21*(1 + (-48)/(-9))?
7, 19
What are the prime factors of 8/20 - (-1178)/5?
2, 59
Let x = 27 - 23. Suppose -5*z + x*z = -51. List the prime factors of z.
3, 17
Let i(a) = a**2 + 4*a**2 + 2*a + 4*a + a - a**3. What are the prime factors of i(6)?
2, 3
Let w(a) = -a**3 - 8*a**2 - 9*a - 6. List the prime factors of w(-7).
2
Suppose 0 = -2*j + 42 - 0. Suppose -4*h + 3*x + j = 0, -3*x + 1 = -h - x. What are the prime factors of h?
3
Suppose 3*t - t = -10. Let h = 8 + t. Suppose o + 6 = h*o. What are the prime factors of o?
3
List the prime factors of 80/4 + -2 + -2.
2
Suppose 3*m - 4*m + 5*x = -41, 5*m - x - 205 = 0. List the prime factors of m.
41
What are the prime factors of (-99)/(-12)*(-16)/(-6)?
2, 11
Let c = 39 - -71. W